NOAA-Stijl Klimaat Rapport
Kies een jaar- of maandrapport
2024: jan feb maa apr mei jun jul aug sep okt nov dec
2023: jan feb maa apr mei jun jul aug sep okt nov dec
2022: jan feb maa apr mei jun jul aug sep okt nov dec
2021: jan feb maa apr mei jun jul aug sep okt nov dec
2020: jan feb maa apr mei jun jul aug sep okt nov dec
2019: jan feb maa apr mei jun jul aug sep okt nov dec
2018: jan feb maa apr mei jun jul aug sep okt nov dec
2017: jan feb maa apr mei jun jul aug sep okt nov dec
2016: jan feb maa apr mei jun jul aug sep okt nov dec
2015: jan feb maa apr mei jun jul aug sep okt nov dec
2014: jan feb maa apr mei jun jul aug sep okt nov dec
2013: jan feb maa apr mei jun jul aug sep okt nov dec
2012: jan feb maa apr mei jun jul aug sep okt nov dec
2011: jan feb maa apr mei jun jul aug sep okt nov dec
2024: jan feb maa apr mei jun jul aug sep okt nov dec
2023: jan feb maa apr mei jun jul aug sep okt nov dec
2022: jan feb maa apr mei jun jul aug sep okt nov dec
2021: jan feb maa apr mei jun jul aug sep okt nov dec
2020: jan feb maa apr mei jun jul aug sep okt nov dec
2019: jan feb maa apr mei jun jul aug sep okt nov dec
2018: jan feb maa apr mei jun jul aug sep okt nov dec
2017: jan feb maa apr mei jun jul aug sep okt nov dec
2016: jan feb maa apr mei jun jul aug sep okt nov dec
2015: jan feb maa apr mei jun jul aug sep okt nov dec
2014: jan feb maa apr mei jun jul aug sep okt nov dec
2013: jan feb maa apr mei jun jul aug sep okt nov dec
2012: jan feb maa apr mei jun jul aug sep okt nov dec
2011: jan feb maa apr mei jun jul aug sep okt nov dec
Rapport voor 2024 maart
MONTHLY CLIMATOLOGICAL SUMMARY for MAR. 2024 NAME: Weerstation Schinnen CITY: Schinnen STATE: The Netherlands ELEV: 75 m LAT: 50° 56' 32" N LONG: 5° 53' 16" E TEMPERATURE (°C), RAIN (mm), WIND SPEED (m/s) HEAT COOL AVG MEAN DEG DEG WIND DOM DAY TEMP HIGH TIME LOW TIME DAYS DAYS RAIN SPEED HIGH TIME DIR ------------------------------------------------------------------------------------ 1 8.9 11.7 13:30 6.4 8:30 9.4 0.0 0.0 0.2 4.0 16:00 W 2 10.6 15.3 15:00 5.3 8:30 7.8 0.0 0.0 0.1 3.6 19:00 W 3 11.1 15.9 15:00 7.1 5:00 7.3 0.0 0.0 0.0 1.8 0:30 ENE 4 8.9 13.1 14:00 4.9 00:00 9.4 0.0 0.0 0.0 1.3 13:30 SSE 5 7.9 10.6 16:00 4.5 0:30 10.4 0.0 0.0 0.0 1.3 11:30 SSE 6 6.3 13.9 13:30 0.3 7:00 12.0 0.0 0.0 0.0 2.2 13:30 ENE 7 6.1 11.2 15:00 1.0 4:00 12.2 0.0 0.0 0.1 3.6 13:30 NE 8 6.6 11.8 15:30 1.7 7:30 11.7 0.0 0.0 0.2 3.6 13:00 NE 9 9.1 15.9 15:00 2.5 2:30 9.2 0.0 0.0 0.1 4.9 16:30 NE 10 11.1 15.5 15:30 8.5 22:00 7.2 0.0 0.0 0.2 3.1 8:30 NE 11 8.3 9.5 14:00 7.7 00:00 10.0 0.0 0.0 0.0 2.2 10:00 WSW 12 8.2 11.1 15:00 6.7 7:00 10.2 0.0 0.0 0.0 2.7 13:00 W 13 11.4 13.4 15:00 9.0 0:30 6.9 0.0 0.0 0.0 3.1 16:30 WSW 14 12.3 19.0 16:00 4.9 7:30 6.0 0.0 0.0 0.0 2.7 13:00 ENE 15 12.4 17.1 13:00 9.6 21:30 5.8 0.0 0.0 0.1 3.1 10:30 W 16 8.9 11.1 16:00 3.7 00:00 9.3 0.0 0.0 0.0 1.8 1:30 ENE 17 10.4 16.4 14:30 3.3 3:00 7.2 0.0 0.0 0.0 2.2 15:00 W 18 12.6 16.9 15:30 7.9 00:00 4.3 0.0 0.0 0.0 2.2 16:30 WSW 19 7.8 10.2 9:00 5.9 2:30 1.3 0.0 0.0 0.0 0.0 --- --- 20 21 22 23 24 25 26 27 28 29 30 31 ------------------------------------------------------------------------------------- 9.4 19.0 14 0.3 6 157.5 0.0 0.0 0.1 4.9 9 NE Max >= 32.0: 0 Max <= 0.0: 0 Min <= 0.0: 0 Min <= -18.0: 0 Max Rain: 0.00 ON 01-03-24 Days of Rain: 0 (> .2 mm) 0 (> 2 mm) 0 (> 20 mm) Heat Base: 18.3 Cool Base: 18.3 Method: Integration