NOAA-Stijl Klimaat Rapport

Kies een jaar- of maandrapport
2018: jan feb maa apr mei jun jul aug sep okt nov dec
2017: jan feb maa apr mei jun jul aug sep okt nov dec
2016: jan feb maa apr mei jun jul aug sep okt nov dec
2015: jan feb maa apr mei jun jul aug sep okt nov dec
2014: jan feb maa apr mei jun jul aug sep okt nov dec
2013: jan feb maa apr mei jun jul aug sep okt nov dec
2012: jan feb maa apr mei jun jul aug sep okt nov dec
2011: jan feb maa apr mei jun jul aug sep okt nov dec

Rapport voor 2018 juni
                   MONTHLY CLIMATOLOGICAL SUMMARY for JUN. 2018

NAME: Weerstation Schinnen   CITY: Schinnen   STATE: The Netherlands 
ELEV:    75 m  LAT:  50° 56' 32" N  LONG:   5° 53' 16" E

                   TEMPERATURE (°C), RAIN  (mm), WIND SPEED (m/s)

                                      HEAT  COOL        AVG
    MEAN                              DEG   DEG         WIND                 DOM
DAY TEMP  HIGH   TIME   LOW    TIME   DAYS  DAYS  RAIN  SPEED HIGH   TIME    DIR
------------------------------------------------------------------------------------
 1  17.6  19.6    9:30  16.7    2:30   0.8   0.1  13.4   0.0   3.1   11:00    SE
 2  18.1  22.8   17:00  14.1   00:00   1.2   1.0   0.2   0.0   3.1   14:30    SE
 3  19.7  26.1   18:00  13.9    5:00   1.3   2.7   0.0   0.1   2.2   16:00    NE
 4  20.4  27.3   14:30  12.4    6:00   1.6   3.7   0.0   0.2   3.1   11:30    NE
 5  17.5  20.6   17:30  13.2   00:00   1.3   0.5   0.0   0.1   2.2   12:00   ENE
 6  20.6  29.3   17:00  11.1    5:30   2.0   4.3   0.0   0.2   2.7   13:00     N
 7  21.8  28.3   13:30  15.8    3:30   0.4   4.0   2.8   0.0   2.7   17:00    SE
 8  20.4  25.2   17:00  16.5   00:00   0.1   2.2   1.2   0.0   1.8   16:30   ENE
 9  21.6  28.3   17:30  16.2    1:00   0.4   3.7   0.0   0.0   2.2   16:00    SE
10  20.6  26.6   16:30  16.4    6:00   0.3   2.6   0.0   0.0   2.2   18:30   ENE
11  19.1  24.9   15:30  15.1    6:00   0.8   1.6   0.2   0.2   4.0   15:00    NE
12  16.4  18.8   19:00  14.6   00:00   1.9   0.0   1.0   0.0   2.2    4:00   ENE
13  15.1  20.3   16:00   9.8   00:00   3.4   0.1   0.0   0.1   3.1   15:30   ENE
14  15.8  23.2   15:30   7.9    4:30   3.4   0.9   1.2   0.1   3.6   12:30    SE
15  19.0  26.2   17:30  13.2    5:30   1.6   2.3   0.0   0.0   3.1   15:30    SE
16  18.7  26.7   15:30  12.4    6:00   2.0   2.4   0.0   0.0   3.1   19:30    SE
17  16.2  19.7   12:00  10.9    3:00   2.3   0.1   0.0   0.1   3.6   13:00    SE
18  18.5  23.7   18:00  13.9    5:00   1.4   1.6   0.0   0.2   4.5   18:30    SE
19  18.3  23.8   17:00  13.7    1:00   1.3   1.2   0.0   0.0   2.2    6:00    SE
20
21
22
23
24
25
26
27
28
29
30
-------------------------------------------------------------------------------------
    18.7  29.3     6     7.9    14    27.3  35.0  20.0   0.1   4.5    18      SE

Max >=  32.0:  0
Max <=   0.0:  0
Min <=   0.0:  0
Min <= -18.0:  0
Max Rain: 13.41 ON 01-06-18
Days of Rain: 7 (> .2 mm) 2 (> 2 mm) 0 (> 20 mm)
Heat Base:  18.3  Cool Base:  18.3  Method: Integration